 is divided by 1/((-66)/(-32) - 2).
15
Suppose 0 = 4*u + u + 35. Suppose x + 3 = 0, -3*x - x = 2*n - 18. What is the remainder when n is divided by 2 - (u/1 + 0)?
6
Suppose -2*g - b + 67 = -21, 0 = 5*g - b - 213. Let s = -13 - -28. Calculate the remainder when g is divided by s.
13
Suppose 0 = -w - 2*t + 43, -5*w - 2*t + 160 = -3*t. Calculate the remainder when 63 is divided by w.
30
Suppose 0 = -3*w + n + 115, 264 = 5*w + n + 75. Calculate the remainder when w is divided by 8.
6
Let q(c) = 3*c**2 - 3*c - 11. Suppose n = -2*n + 42. Calculate the remainder when q(4) is divided by n.
11
Suppose 0 = -3*l + 5*l - 122. Calculate the remainder when l is divided by (-3)/(-7) + (864/(-7))/(-6).
19
Suppose 0 = -3*y - 2*w + 680 + 34, 0 = -4*y + 5*w + 975. What is the remainder when ((-6)/(-8))/(5/y) is divided by 13?
10
What is the remainder when 82 is divided by ((-19)/(-57))/(1/84)?
26
Let q = -86 - -120. Let m = -11 - -29. Calculate the remainder when q is divided by m.
16
Let r = 10 - 7. Suppose 0 = r*k - 3, 2*h - 5*k = 6*h - 57. Calculate the remainder when 36 is divided by h.
10
Suppose -7*j + 12*j = 50. Calculate the remainder when 49 is divided by j.
9
Suppose 0 = -5*l + 4*k + 223, 0 = -3*k - 0*k - 6. Calculate the remainder when l is divided by (15 - 0)/(0 - -1).
13
Calculate the remainder when -2 - (86/(-4) - 4/8) is divided by 7.
6
Suppose -418 = -4*t - 70. Let r = t - 49. Calculate the remainder when r is divided by 10.
8
Let x be (-4)/18 - (-40)/18. Suppose 0 = x*k - 6*k + 36. What is the remainder when 17 is divided by k?
8
Let g(f) = f**2 - 13*f - 6. Let n be g(13). Let m(r) = r + 7. Calculate the remainder when m(0) is divided by 11 + n + (0 - 3).
1
Let m = 5 + -1. Suppose m*d = 4*r + d - 50, -17 = -r + 3*d. What is the remainder when r is divided by 4?
3
Let c(x) = x + 8. Let a be 24/(-9)*-3 + -2. Let g(u) = 4*u**3 + 2*u**2 - u. What is the remainder when c(a) is divided by g(1)?
4
Let f(r) = 10*r - 54. Calculate the remainder when 90 is divided by f(7).
10
Suppose -4*b - 3*n = b + 24, 0 = 3*n + 9. Calculate the remainder when 34 is divided by (-1)/(b/54 - 0).
16
Let k = -2 + 4. Suppose -4*f - 2*d + 5 = -17, k*d + 20 = 2*f. What is the remainder when f is divided by 5?
2
Let w be 4/10 + (-2862)/(-45). Let x = w + -7. Let r(o) = 3*o**2 + o + 1. Calculate the remainder when x is divided by r(2).
12
Let q(d) = 14*d - 2. What is the remainder when 50 is divided by q(2)?
24
Let p = -46 + 54. Calculate the remainder when p is divided by 3.
2
What is the remainder when 3/2*((-28)/3)/(-2) is divided by 2?
1
Suppose 2*a + 2*r + 20 = 5*a, -4*a + 30 = -r. What is the remainder when 19 is divided by a?
3
Suppose -11 = -5*m - 1. Suppose 2*t - s + 1 = 0, -m*s - 3*s = -4*t - 17. Suppose -t*g + 11 = -g. What is the remainder when 21 is divided by g?
10
Let s be (15/3)/(0 - -1). Suppose -176 = -s*a + 14. Suppose -4*o = -3*o - a. Calculate the remainder when o is divided by 13.
12
Suppose 0 = -f - 4*g + 81, 2*g + 4 + 53 = f. What is the remainder when f is divided by 17?
14
Suppose -5*y + 2*i + 2 - 12 = 0, 0 = 5*y + 2*i - 10. Suppose 4*l - 176 = -y*l. Suppose 35 - 125 = -6*v. What is the remainder when l is divided by v?
14
Let v(b) = b**3 + 11*b**2 + 18*b + 3. Calculate the remainder when 100 is divided by v(-8).
49
Let s(t) = 9*t - 2. Let r(o) = o + 5. Let h be r(0). Suppose -v - h*p = -2*v + 16, 2*p - 14 = -3*v. Calculate the remainder when s(2) is divided by v.
4
Let u = -47 - -62. What is the remainder when (0 - 1 - 0) + 43 is divided by u?
12
What is the remainder when 161 is divided by (164/12)/((-2)/(-6))?
38
Let u = 184 - 108. Calculate the remainder when u is divided by 41.
35
Suppose 3*v = f + 4, -f + 6*f + 10 = 5*v. Let u = 4 + f. Let c(t) = t**2 - t + 2. Calculate the remainder when u is divided by c(0).
1
Let j be (-93)/(-12) - (-6)/(-8). Suppose -36 = -t + j. Calculate the remainder when t is divided by 15.
13
Let y = 1 - -20. Let t(n) = -n**2 - 5*n. Calculate the remainder when y is divided by t(-3).
3
Suppose 2*o - 7*o + 70 = 0. What is the remainder when 41 is divided by o?
13
Suppose 0*p = -4*p + 160. Let h = p - 15. Calculate the remainder when h is divided by 13.
12
Suppose 13 + 27 = 2*d - 3*u, -5*d = -4*u - 100. Calculate the remainder when 78 is divided by d.
18
Let u = 74 + 29. Suppose -11*i + 297 - 11 = 0. What is the remainder when u is divided by i?
25
Let n = -4 + 2. Let y = n - -6. Calculate the remainder when y/(-5)*(-85)/2 is divided by 12.
10
Suppose 0*t = -3*g + t + 23, -2*t = -4*g + 28. What is the remainder when 26 is divided by g?
8
Let r(y) = y**3 + 5*y**2 + 4*y + 3. What is the remainder when r(-3) is divided by 4?
1
Let c(h) = -2*h**3 + 2*h**2 + h. Suppose -o = -5*o + 72. What is the remainder when c(-3) is divided by o?
15
Let s(g) = -g**3 - 5*g**2 - g. Let c be s(-5). Suppose 2*t + 213 = c*o, 2*o + 3*t - 2*t = 78. What is the remainder when o is divided by 11?
8
Suppose -12*r + 6*r = -84. What is the remainder when 52 is divided by r?
10
What is the remainder when ((-18)/(-5))/(18/315) is divided by 22?
19
Let y(t) = t**3 - 9*t**2 - 14*t + 18. Let x(m) = 8*m - 5. What is the remainder when y(11) is divided by x(4)?
25
Let t = 3 - 10. Let l(r) be the second derivative of -r**4/12 - 4*r**3/3 - r. What is the remainder when 13 is divided by l(t)?
6
Suppose -2*d = 4*z - 56, 4*d - 33 - 34 = z. Suppose 0 = -2*p - d. Let s(l) = -l**2 - 11*l + 11. Calculate the remainder when s(p) is divided by 15.
14
Let r(f) = -7*f + 40. What is the remainder when r(-10) is divided by 16?
14
Suppose 2*m - 24 = 2*z, 5*m = -4*z + 105 - 9. Calculate the remainder when 59 is divided by m.
11
Suppose -5*r = 3*s - 37, -2*r + 10 = -0. Calculate the remainder when 14 is divided by s.
2
Let g be 1/4 + (-904)/32. Calculate the remainder when (-205)/(-4) - (-7)/g is divided by 18.
15
Suppose -5*w + 45 = 6*b - 2*b, b + 5 = 0. Calculate the remainder when 36 is divided by w.
10
Let u(a) = -a**3 + 8*a**2 - 2*a + 25. Calculate the remainder when 34 is divided by u(8).
7
What is the remainder when (12/(-36))/(1/(-69)) is divided by 9/(-2 + 11/4)?
11
Let h(z) = 2*z**2 - 3*z + 1. Suppose 3*i + 8 = 7*i. Calculate the remainder when 4 is divided by h(i).
1
Let n(m) = m**2 + 6*m + 1. Let l be n(-8). Suppose l = g - 39. Calculate the remainder when g is divided by 19.
18
Let a be 231/14 - 3/(-2). Let y = -13 + a. Calculate the remainder when 12 is divided by y.
2
Suppose 5*s = s + 8. Suppose w - 2*v + 3*v - 11 = 0, s*v + 8 = w. What is the remainder when 18 is divided by w?
8
Let k be 2*(-1)/4*0. Let z = -5 + 9. Suppose -z*b - b + 25 = k. Calculate the remainder when 14 is divided by b.
4
Let g = -62 + 89. Calculate the remainder when g is divided by 8.
3
Let h be -3 + -3 + 3 - -8. Let q be 1 + h/((-5)/(-3)). Calculate the remainder when 31 is divided by 9 - -4*2/q.
9
Suppose -3*m = -2*m - 4*f - 6, 0 = 2*m + 4*f. Let b = 25 - -3. What is the remainder when b is divided by m/(6/27) - -1?
8
Let k(n) = -9*n + 2. Suppose 3*u - 4*g - 155 = -2*g, 5*u - 256 = g. Suppose -u + 11 = -4*s. Calculate the remainder when k(-3) is divided by s.
9
Let b = 3 + -5. Let t = 4 + b. Let o(f) = f**2 - 4*f + 4. What is the remainder when o(4) is divided by t?
0
Let l = -24 + 33. What is the remainder when 34 is divided by l?
7
Suppose -7*m - 23 = -2*z - 2*m, 3*m - 6 = -z. Suppose 5*s + 74 = 4*j, 3*s = j + 6*s - 10. Calculate the remainder when j is divided by z.
7
Suppose -a = -4*d - 4*a + 57, 4*a + 24 = 3*d. What is the remainder when 19 is divided by d?
7
Suppose 3*r - 20 = -3*y + 16, 4*r = 4*y + 16. Let u = r - -14. Calculate the remainder when 65 is divided by u.
21
Let s(v) = 2*v**2 + 18*v + 18. Let w = 9 - -7. Calculate the remainder when s(-11) is divided by w.
14
Let d(l) = l - 1. Let f be d(6). Suppose 5*y + h = 86, -3*y + 65 = -f*h + 19. What is the remainder when 50 is divided by y?
16
Suppose -3*i - 2*v = -67, i + v - 28 = 6*v. Suppose -2*q - 3*q + 5*o + 20 = 0, 3*o = -4*q + i. Calculate the remainder when q is divided by 2.
1
Let q(a) = a**2 + 4*a - 12. Suppose 2*y + 0*y - 2 = 0. Let j(p) = 10*p + 1. Calculate the remainder when q(-8) is divided by j(y).
9
Suppose -5*k = 4*z - 0*k + 19, -4*z - 27 = -3*k. Calculate the remainder when (17 + z)/((-1)/(-3)) is divide